{"id":930,"date":"2024-06-18T21:55:29","date_gmt":"2024-06-19T00:55:29","guid":{"rendered":"https:\/\/027brasil.com.br\/home\/?page_id=930"},"modified":"2024-08-15T16:56:14","modified_gmt":"2024-08-15T19:56:14","slug":"quemsomos","status":"publish","type":"page","link":"https:\/\/027brasil.com.br\/home\/quemsomos\/","title":{"rendered":"Quem somos"},"content":{"rendered":"\t\t<div data-elementor-type=\"wp-page\" data-elementor-id=\"930\" class=\"elementor elementor-930\" data-elementor-post-type=\"page\">\n\t\t\t\t<div class=\"elementor-element elementor-element-4ec3668 e-con-full e-flex e-con e-parent\" data-id=\"4ec3668\" data-element_type=\"container\" data-e-type=\"container\">\n\t\t<div class=\"elementor-element elementor-element-2f9615f e-con-full e-flex e-con e-child\" data-id=\"2f9615f\" data-element_type=\"container\" data-e-type=\"container\">\n\t\t\t\t<div class=\"elementor-element elementor-element-ee0d776 elementor-widget elementor-widget-image\" data-id=\"ee0d776\" data-element_type=\"widget\" data-e-type=\"widget\" data-widget_type=\"image.default\">\n\t\t\t\t<div class=\"elementor-widget-container\">\n\t\t\t\t\t\t\t\t\t\t\t\t\t\t\t<img fetchpriority=\"high\" decoding=\"async\" width=\"520\" height=\"584\" src=\"https:\/\/027brasil.com.br\/wp-content\/uploads\/2024\/06\/Eu-1.jpeg\" class=\"attachment-full size-full wp-image-963\" alt=\"\" srcset=\"https:\/\/027brasil.com.br\/wp-content\/uploads\/2024\/06\/Eu-1.jpeg 520w, https:\/\/027brasil.com.br\/wp-content\/uploads\/2024\/06\/Eu-1-267x300.jpeg 267w\" sizes=\"(max-width: 520px) 100vw, 520px\" \/>\t\t\t\t\t\t\t\t\t\t\t\t\t\t\t<\/div>\n\t\t\t\t<\/div>\n\t\t\t\t<\/div>\n\t\t<div class=\"elementor-element elementor-element-0b5bf0d e-con-full e-flex e-con e-child\" data-id=\"0b5bf0d\" data-element_type=\"container\" data-e-type=\"container\">\n\t\t\t\t<div class=\"elementor-element elementor-element-50a8845 elementor-widget__width-initial elementor-widget elementor-widget-text-editor\" data-id=\"50a8845\" data-element_type=\"widget\" data-e-type=\"widget\" data-widget_type=\"text-editor.default\">\n\t\t\t\t<div class=\"elementor-widget-container\">\n\t\t\t\t\t\t\t\t\t<h4><span style=\"font-family: georgia, palatino, serif;\">Fundador: Rog\u00e9rio Ferreira Alvarenga<\/span><\/h4><h5>Analista de Sistema &#8211; Programador Desenvolvedor.<\/h5><h5>*N\u00e3o sou jornalista, apenas gosto de me informar e levar informa\u00e7\u00e3o.<\/h5>\t\t\t\t\t\t\t\t<\/div>\n\t\t\t\t<\/div>\n\t\t\t\t<\/div>\n\t\t\t\t<\/div>\n\t\t<div class=\"elementor-element elementor-element-ab45865 e-flex e-con-boxed e-con e-parent\" data-id=\"ab45865\" data-element_type=\"container\" data-e-type=\"container\">\n\t\t\t\t\t<div class=\"e-con-inner\">\n\t\t\t\t<div class=\"elementor-element elementor-element-c6c22cf elementor-widget elementor-widget-text-editor\" data-id=\"c6c22cf\" data-element_type=\"widget\" data-e-type=\"widget\" data-widget_type=\"text-editor.default\">\n\t\t\t\t<div class=\"elementor-widget-container\">\n\t\t\t\t\t\t\t\t\t<h2><span style=\"font-size: 18pt;\">Seja bem-vindo ao <a style=\"font-family: georgia, palatino, serif; text-align: var(--text-align); background-color: #ffffff;\" href=\"https:\/\/027brasil.com.br\/home\">027BRASIL<\/a><span style=\"font-family: georgia, palatino, serif; color: inherit; text-align: var(--text-align);\">, sua fonte confi\u00e1vel de not\u00edcias sobre pol\u00edtica e economia.<\/span><\/span><\/h2><p><span style=\"font-family: georgia, palatino, serif; font-size: 12pt;\">Sediado em Vila Velha, Esp\u00edrito Santo, o <a href=\"https:\/\/027brasil.com.br\/home\"><span style=\"font-family: georgia, palatino, serif; font-size: 12pt;\">027BRASIL<\/span><\/a>\u00a0nasceu da paix\u00e3o por informar e analisar os acontecimentos que moldam nosso pa\u00eds. <\/span><\/p><p><span style=\"font-family: georgia, palatino, serif; font-size: 12pt;\">Principalmente no dias de hoje, onde a pol\u00edtica est\u00e1 em 8 dos 10 assuntos do dia a dia.<\/span><\/p><p><span style=\"font-family: georgia, palatino, serif; font-size: 12pt;\">Nosso compromisso \u00e9 oferecer conte\u00fado de qualidade, imparcial e relevante, proporcionando aos nossos leitores uma vis\u00e3o ampla e detalhada dos temas que impactam a sociedade brasileira.<\/span><\/p><p><span style=\"font-family: georgia, palatino, serif; font-size: 12pt;\">Acreditamos na transpar\u00eancia e na objetividade como pilares fundamentais do jornalismo respons\u00e1vel.<\/span><\/p><p><span style=\"font-family: georgia, palatino, serif; font-size: 12pt;\">Com muita dedica\u00e7\u00e3o e trabalho procuramos por informa\u00e7\u00f5es precisas e contextualizadas, buscamos trazer os bastidores das decis\u00f5es pol\u00edticas, as nuances do cen\u00e1rio econ\u00f4mico e as hist\u00f3rias que moldam o nosso Brasil.<\/span><\/p><p><span style=\"font-family: georgia, palatino, serif; font-size: 12pt;\">Aqui no <a href=\"https:\/\/027brasil.com.br\/home\">027BRASIL<\/a>\u00a0estamos comprometidos em manter voc\u00ea sempre atualizado e bem informado.<\/span><\/p><p><span style=\"font-family: georgia, palatino, serif; font-size: 12pt;\">Explore nossos artigos, an\u00e1lises e opini\u00f5es e junte-se a n\u00f3s nesta jornada pela compreens\u00e3o e pelo debate construtivo. <\/span><\/p><p><span style=\"font-family: georgia, palatino, serif; font-size: 12pt;\">Nossa <a href=\"https:\/\/027brasil.com.br\/home\/politica-de-privacidade\/\">Pol\u00edtica de Privacidade<\/a> est\u00e1 de acordo com as lei de prote\u00e7\u00e3o de dados vigente. Para mais informa\u00e7\u00f5es entre em <a href=\"https:\/\/027brasil.com.br\/home\/contato\/\">contato<\/a>. Estamos sempre abertos para receber seu feedback.<\/span><\/p><p><span style=\"font-family: georgia, palatino, serif; font-size: 12pt;\">Obrigado por visitar o <a href=\"https:\/\/027brasil.com.br\/home\">027BRASIL<\/a>. Juntos, estamos construindo um futuro informado e consciente.<\/span><\/p>\t\t\t\t\t\t\t\t<\/div>\n\t\t\t\t<\/div>\n\t\t\t\t\t<\/div>\n\t\t\t\t<\/div>\n\t\t<div class=\"elementor-element elementor-element-97d626f e-flex e-con-boxed e-con e-parent\" data-id=\"97d626f\" data-element_type=\"container\" data-e-type=\"container\">\n\t\t\t\t\t<div class=\"e-con-inner\">\n\t\t<div class=\"elementor-element elementor-element-8039169 e-con-full e-flex e-con e-child\" data-id=\"8039169\" data-element_type=\"container\" data-e-type=\"container\">\n\t\t<div class=\"elementor-element elementor-element-886e5aa e-flex e-con-boxed e-con e-child\" data-id=\"886e5aa\" data-element_type=\"container\" data-e-type=\"container\">\n\t\t\t\t\t<div class=\"e-con-inner\">\n\t\t\t\t<div class=\"elementor-element elementor-element-aaf1f94 elementor-widget elementor-widget-heading\" data-id=\"aaf1f94\" data-element_type=\"widget\" data-e-type=\"widget\" data-widget_type=\"heading.default\">\n\t\t\t\t<div class=\"elementor-widget-container\">\n\t\t\t\t\t<h2 class=\"elementor-heading-title elementor-size-default\">Siga-nos no Insta:<\/h2>\t\t\t\t<\/div>\n\t\t\t\t<\/div>\n\t\t\t\t<div class=\"elementor-element elementor-element-ca5ad9d elementor-icon-list--layout-traditional elementor-list-item-link-full_width elementor-widget elementor-widget-icon-list\" data-id=\"ca5ad9d\" data-element_type=\"widget\" data-e-type=\"widget\" data-widget_type=\"icon-list.default\">\n\t\t\t\t<div class=\"elementor-widget-container\">\n\t\t\t\t\t\t\t<ul class=\"elementor-icon-list-items\">\n\t\t\t\t\t\t\t<li class=\"elementor-icon-list-item\">\n\t\t\t\t\t\t\t\t\t\t\t<span class=\"elementor-icon-list-icon\">\n\t\t\t\t\t\t\t<svg aria-hidden=\"true\" class=\"e-font-icon-svg e-fab-instagram\" viewBox=\"0 0 448 512\" xmlns=\"http:\/\/www.w3.org\/2000\/svg\"><path d=\"M224.1 141c-63.6 0-114.9 51.3-114.9 114.9s51.3 114.9 114.9 114.9S339 319.5 339 255.9 287.7 141 224.1 141zm0 189.6c-41.1 0-74.7-33.5-74.7-74.7s33.5-74.7 74.7-74.7 74.7 33.5 74.7 74.7-33.6 74.7-74.7 74.7zm146.4-194.3c0 14.9-12 26.8-26.8 26.8-14.9 0-26.8-12-26.8-26.8s12-26.8 26.8-26.8 26.8 12 26.8 26.8zm76.1 27.2c-1.7-35.9-9.9-67.7-36.2-93.9-26.2-26.2-58-34.4-93.9-36.2-37-2.1-147.9-2.1-184.9 0-35.8 1.7-67.6 9.9-93.9 36.1s-34.4 58-36.2 93.9c-2.1 37-2.1 147.9 0 184.9 1.7 35.9 9.9 67.7 36.2 93.9s58 34.4 93.9 36.2c37 2.1 147.9 2.1 184.9 0 35.9-1.7 67.7-9.9 93.9-36.2 26.2-26.2 34.4-58 36.2-93.9 2.1-37 2.1-147.8 0-184.8zM398.8 388c-7.8 19.6-22.9 34.7-42.6 42.6-29.5 11.7-99.5 9-132.1 9s-102.7 2.6-132.1-9c-19.6-7.8-34.7-22.9-42.6-42.6-11.7-29.5-9-99.5-9-132.1s-2.6-102.7 9-132.1c7.8-19.6 22.9-34.7 42.6-42.6 29.5-11.7 99.5-9 132.1-9s102.7-2.6 132.1 9c19.6 7.8 34.7 22.9 42.6 42.6 11.7 29.5 9 99.5 9 132.1s2.7 102.7-9 132.1z\"><\/path><\/svg>\t\t\t\t\t\t<\/span>\n\t\t\t\t\t\t\t\t\t\t<span class=\"elementor-icon-list-text\">@027.brasil<\/span>\n\t\t\t\t\t\t\t\t\t<\/li>\n\t\t\t\t\t\t<\/ul>\n\t\t\t\t\t\t<\/div>\n\t\t\t\t<\/div>\n\t\t\t\t\t<\/div>\n\t\t\t\t<\/div>\n\t\t<div class=\"elementor-element elementor-element-e97aad1 e-flex e-con-boxed e-con e-child\" data-id=\"e97aad1\" data-element_type=\"container\" data-e-type=\"container\">\n\t\t\t\t\t<div class=\"e-con-inner\">\n\t\t\t\t<div class=\"elementor-element elementor-element-11783c6 elementor-widget elementor-widget-heading\" data-id=\"11783c6\" data-element_type=\"widget\" data-e-type=\"widget\" data-widget_type=\"heading.default\">\n\t\t\t\t<div class=\"elementor-widget-container\">\n\t\t\t\t\t<h2 class=\"elementor-heading-title elementor-size-default\">Entre em contato:<\/h2>\t\t\t\t<\/div>\n\t\t\t\t<\/div>\n\t\t\t\t<div class=\"elementor-element elementor-element-b67c129 elementor-icon-list--layout-traditional elementor-list-item-link-full_width elementor-widget elementor-widget-icon-list\" data-id=\"b67c129\" data-element_type=\"widget\" data-e-type=\"widget\" data-widget_type=\"icon-list.default\">\n\t\t\t\t<div class=\"elementor-widget-container\">\n\t\t\t\t\t\t\t<ul class=\"elementor-icon-list-items\">\n\t\t\t\t\t\t\t<li class=\"elementor-icon-list-item\">\n\t\t\t\t\t\t\t\t\t\t\t<span class=\"elementor-icon-list-icon\">\n\t\t\t\t\t\t\t<svg aria-hidden=\"true\" class=\"e-font-icon-svg e-far-envelope\" viewBox=\"0 0 512 512\" xmlns=\"http:\/\/www.w3.org\/2000\/svg\"><path d=\"M464 64H48C21.49 64 0 85.49 0 112v288c0 26.51 21.49 48 48 48h416c26.51 0 48-21.49 48-48V112c0-26.51-21.49-48-48-48zm0 48v40.805c-22.422 18.259-58.168 46.651-134.587 106.49-16.841 13.247-50.201 45.072-73.413 44.701-23.208.375-56.579-31.459-73.413-44.701C106.18 199.465 70.425 171.067 48 152.805V112h416zM48 400V214.398c22.914 18.251 55.409 43.862 104.938 82.646 21.857 17.205 60.134 55.186 103.062 54.955 42.717.231 80.509-37.199 103.053-54.947 49.528-38.783 82.032-64.401 104.947-82.653V400H48z\"><\/path><\/svg>\t\t\t\t\t\t<\/span>\n\t\t\t\t\t\t\t\t\t\t<span class=\"elementor-icon-list-text\">contato@027brasil.com.br<\/span>\n\t\t\t\t\t\t\t\t\t<\/li>\n\t\t\t\t\t\t<\/ul>\n\t\t\t\t\t\t<\/div>\n\t\t\t\t<\/div>\n\t\t\t\t\t<\/div>\n\t\t\t\t<\/div>\n\t\t\t\t<\/div>\n\t\t\t\t\t<\/div>\n\t\t\t\t<\/div>\n\t\t\t\t<\/div>\n\t\t","protected":false},"excerpt":{"rendered":"<p>Fundador: Rog\u00e9rio Ferreira Alvarenga Analista de Sistema &#8211; Programador Desenvolvedor. *N\u00e3o sou jornalista, apenas gosto de me informar e levar informa\u00e7\u00e3o. Seja bem-vindo ao 027BRASIL, sua fonte confi\u00e1vel de not\u00edcias sobre pol\u00edtica e economia. Sediado em Vila Velha, Esp\u00edrito Santo, o 027BRASIL\u00a0nasceu da paix\u00e3o por informar e analisar os acontecimentos que moldam nosso pa\u00eds. Principalmente [&hellip;]<\/p>\n","protected":false},"author":1,"featured_media":0,"parent":0,"menu_order":1,"comment_status":"closed","ping_status":"closed","template":"","meta":{"om_disable_all_campaigns":false,"_monsterinsights_skip_tracking":false,"_monsterinsights_sitenote_active":false,"_monsterinsights_sitenote_note":"","_monsterinsights_sitenote_category":0,"footnotes":""},"class_list":["post-930","page","type-page","status-publish","hentry"],"aioseo_notices":[],"_links":{"self":[{"href":"https:\/\/027brasil.com.br\/home\/wp-json\/wp\/v2\/pages\/930","targetHints":{"allow":["GET"]}}],"collection":[{"href":"https:\/\/027brasil.com.br\/home\/wp-json\/wp\/v2\/pages"}],"about":[{"href":"https:\/\/027brasil.com.br\/home\/wp-json\/wp\/v2\/types\/page"}],"author":[{"embeddable":true,"href":"https:\/\/027brasil.com.br\/home\/wp-json\/wp\/v2\/users\/1"}],"replies":[{"embeddable":true,"href":"https:\/\/027brasil.com.br\/home\/wp-json\/wp\/v2\/comments?post=930"}],"version-history":[{"count":59,"href":"https:\/\/027brasil.com.br\/home\/wp-json\/wp\/v2\/pages\/930\/revisions"}],"predecessor-version":[{"id":1505,"href":"https:\/\/027brasil.com.br\/home\/wp-json\/wp\/v2\/pages\/930\/revisions\/1505"}],"wp:attachment":[{"href":"https:\/\/027brasil.com.br\/home\/wp-json\/wp\/v2\/media?parent=930"}],"curies":[{"name":"wp","href":"https:\/\/api.w.org\/{rel}","templated":true}]}}